igit of u?
3
Let w(b) = -2*b - 13. Let s be w(-9). Suppose 5*c - 2*u = 3*c + 300, 0 = -s*c - 2*u + 778. What is the units digit of c?
4
Suppose -6 + 13 = c. Let t(m) = 6 + 6*m + 8*m**2 - 3*m**2 + 2*m**2 - m**3. What is the tens digit of t(c)?
4
Let o(a) = -4*a - 13 - 5 - 4*a + 0*a. What is the tens digit of o(-7)?
3
What is the hundreds digit of 108/16*22*(-2 + 4)?
2
Let u(r) = 5*r**2 - 13. Let o be u(9). Suppose -o = -0*j - 8*j. What is the units digit of j?
9
Suppose -5 = -2*l + 3. Suppose -3*p = 3*h - 18, -l*p - 6 = -h - 50. What is the units digit of (p - 4)/(2/5)?
5
Let n(w) = -17*w - 1 - 1 + 0 + 3. Let a be n(-3). Suppose 0*d + 2*d - a = 0. What is the tens digit of d?
2
Let t(z) = 2*z**2 - 16*z - 5. Let l be t(11). What is the units digit of -4*3/6 + l?
9
Let d = -1 - -5. Suppose 8*u - 84 = d*u. What is the units digit of u?
1
Let m be 6/(-8) - 22/(-8). Suppose 85 = 5*c + 3*t, -m*c - 3*t = -37 + 12. What is the units digit of c?
0
Suppose 7 - 49 = -6*n. Suppose n*y - 605 = -59. What is the tens digit of y?
7
Suppose -y + 3*n = 2*n - 4, -4*n = y + 16. Suppose -5*f + 221 - 46 = y. What is the tens digit of f?
3
Suppose 10 = -3*u + 22. Suppose 15 = 5*a + 5*b - 5, 8 = -u*a + 2*b. Suppose 63 = 3*v - a*v. What is the tens digit of v?
2
Let b = -28 - -32. Suppose 10 = v + b*a, -v + a - 27 = -3*v. What is the units digit of v?
4
Suppose 72 = m + 2*k + 15, 285 = 5*m - 4*k. Let y = m - 29. Suppose -12 = 4*i - y. What is the units digit of i?
4
Let k = -144 + 1163. What is the hundreds digit of k?
0
Let s(p) = 194*p - 42. What is the tens digit of s(5)?
2
Let o(m) = -m - 10. Let j be o(-16). Let z(d) = -2*d**2 - 8*d**2 + j*d - 3*d + d**3 + 7. What is the tens digit of z(10)?
3
Suppose 0 = 5*q + 15, -3*s + 4*q - 1208 = -8*s. What is the units digit of s?
4
Let z = 140 - 108. What is the units digit of z?
2
Let h(j) = -j**3 - 9*j**2 + j + 8. Let b be h(-9). Let d = b - -24. What is the units digit of d?
3
Suppose 20 - 64 = -4*g. Let m be g + -9 - (-20)/1. What is the units digit of 84/m - (-16)/88?
4
Suppose 2*r = 4*r - 2*n - 130, 2*r = 4*n + 134. What is the units digit of (-7)/(r/(-48))*3?
6
Suppose 4*y - 11 = 3*y - 2*m, -y - 3*m = -11. What is the tens digit of (0 - (-2)/y) + 7980/33?
4
Suppose -k = 7*u - 2*u - 180, 5*k + 36 = u. What is the tens digit of u?
3
Let t(v) = v. Let x be t(0). Suppose s + 3 - 61 = x. What is the units digit of s?
8
Suppose 5*u = c + 591, 3*c = -3*u - 0*u + 351. What is the tens digit of u?
1
Let z = -887 + 1545. What is the tens digit of z?
5
Let t(u) = u**3 - 3*u**2 - 2*u - 5. Let v = 46 - 42. What is the units digit of t(v)?
3
Let i = 2 + 1. Suppose -l = -v - i, -2*l - 1 = -3*v - 5. Suppose 3*t - l*u - 17 = 0, t - u = 5*t - 15. What is the units digit of t?
4
Let o = 30 + -25. Suppose -2*m + 42 = 4*j, -m + 4*m - 41 = o*j. Let f = m + 23. What is the units digit of f?
0
Let m(u) = u**3 - 16*u**2 + 49*u - 16. Let k be m(12). Let c(b) = 4 - b + b - 2*b. What is the tens digit of c(k)?
1
Let h(u) = -u**3 - 8*u**2 - 3*u - 12. Let r be h(-8). Suppose -5*s = f + 5 + 15, f - 3*s - r = 0. Suppose -d + 6 = -f. What is the units digit of d?
6
Let n be (2 + -1)/((-6)/(-18)). Suppose 0 = n*q - 18 + 3. Suppose 0 = 4*r + 2*i - 162, 27 = -q*r + 4*i + 210. What is the tens digit of r?
3
Suppose 0 = -3*d + 397 + 158. What is the hundreds digit of d?
1
Let g(v) be the third derivative of -v**7/2520 + v**6/48 - v**4/8 + 4*v**2. Let j(t) be the second derivative of g(t). What is the units digit of j(13)?
6
Let z(y) = 4*y + 58. What is the units digit of z(-6)?
4
Suppose 12*x = 2*d + 14*x - 2916, -3*d + x = -4362. What is the thousands digit of d?
1
Let h(r) = 116*r. Let s be h(1). Suppose -o = -3*o - k + 79, -4*k = 3*o - s. What is the units digit of o?
0
Let d be (-13)/(-78) - 46/(-12). Suppose -z = -d*z - 3*v + 39, -3*z + 2*v + 44 = 0. What is the tens digit of z?
1
Suppose 4*p + 0*p - 2*d = 9748, -5*p + 12185 = 2*d. What is the tens digit of p?
3
Let i(f) = 5*f**2 + 3*f - 2. Let z be i(1). Let t be (-7 + z)*1*-5. Suppose -t*a = 8 - 188. What is the units digit of a?
6
Suppose 0 = -4*m - 0*m + 80. Let a be 16/(-40) + (-24)/(-10). Suppose 3*g - 5*g - 4*u = -m, -u = a*g - 26. What is the tens digit of g?
1
Let g = 7 - 2. Suppose 0*y - g*i + 13 = -y, -4*y - 3*i + 63 = 0. What is the tens digit of ((-51)/y)/((-2)/8)?
1
Let d(w) = 5*w**2 - 3*w + 1. Suppose -2*b + 6 = 0, -4 = -3*q + 5*b - 10. What is the tens digit of d(q)?
3
What is the tens digit of 11 + -8 + 3254 - 9?
4
Suppose -8*m - 36 = -4. What is the hundreds digit of (-3912)/(-18) + m - (-2)/(-6)?
2
Let q(n) = -3*n**2 - 33*n + 5. Let c be q(-11). Suppose 3*y - 257 = k, -2*k = 3*k - c. What is the units digit of y?
6
Suppose 28 = 5*t + 13. What is the units digit of (t - 1)*427/14?
1
Let s = 855 + -769. What is the units digit of s?
6
Suppose 3*w + 3*y + 0*y = 3, 0 = -4*w + y - 6. Let q(j) = 148*j**2 + 2*j + 1. What is the hundreds digit of q(w)?
1
Suppose 3 = -q - 3. Let s(m) = -15*m + 24. Let a(o) = -10*o + 13. Let t(n) = 5*a(n) - 3*s(n). What is the tens digit of t(q)?
2
Let a = -9 + 12. Suppose 3*n - a + 4 = -4*o, 0 = n + o. What is the tens digit of 4/(-8)*(n + -61)?
3
Let s(v) = -v**3 + 20*v**2 - 14*v + 32. What is the hundreds digit of s(16)?
8
What is the units digit of 9/((-4)/(-4)) + -5?
4
Let b be 0 - 0 - (-11 + -1). Suppose -18 = 75*m - 81*m. Suppose 4*g - b = m*g. What is the tens digit of g?
1
Suppose -19*p + 7 + 12 = 0. Suppose b = 3 - 1. What is the tens digit of (41 - 10)/(p/b)?
6
Suppose 4*r - 61 = 47. Let z = 25 - r. What is the units digit of 2*(4 + z + 2)?
8
Let m(o) = -o**2 - 8*o + 9. Let r be m(-10). What is the tens digit of -3 - r*5 - -4?
5
Let y be 4/16 + 50/(-8). Let u be (-350)/(-30) - 2/y. Let r = u + -6. What is the units digit of r?
6
Suppose -1 + 31 = -5*b. Let w(o) = o + 9. Let n be w(b). Suppose 2*i + n*z - 55 = 0, 0 = -3*z + z + 2. What is the units digit of i?
6
Suppose 3 = -3*f - 2*d, 2*d = -5*f + 3*d - 18. What is the units digit of f/(-9)*(5 - 2)?
1
Let n(w) = w**3 + 16*w**2 + w + 19. Let z be n(-16). Suppose z*d + 5*k - 1145 = 0, -d - d = -2*k - 742. Suppose -137 = -8*p + d. What is the units digit of p?
4
What is the units digit of -4*15/20*(-47770)/30?
7
Suppose -5*b = 2*y - 239, 3*b - 63 = -2*y + 78. Let f = b + 22. What is the tens digit of f?
7
Let z(d) = -11*d**3 + 4*d + 5. Let c be z(-3). Suppose -5*g - 4*m = -1453, -3*g + 2*g = m - c. What is the tens digit of g?
9
Suppose 0 = -z - p - 1830, -z + p + p - 1836 = 0. What is the tens digit of (-7)/(126/z) + (-4)/(-18)?
0
Suppose 3*j - 572 = -j. Suppose -h = -j + 37. What is the tens digit of h?
0
Suppose -c = 2*q - 2662, 3533 = 2*q + 5*c + 887. What is the units digit of q?
3
What is the units digit of ((-110)/20 - 8)*(-1492)/6?
7
Suppose 0 = 71*w - 56*w - 2940. What is the hundreds digit of w?
1
Let h(q) be the third derivative of q**6/120 + 19*q**5/60 + 7*q**4/12 - 31*q**3/6 + 17*q**2. What is the units digit of h(-18)?
1
Suppose -3459 = -13*p + 6187. What is the hundreds digit of p?
7
Let c(l) = l**3 + 9*l**2 + 2*l - 3. Let u be c(-9). Let y be (-6)/u + 372/21. What is the units digit of 4/18 + 626/y?
5
What is the hundreds digit of (-13)/(-6 + (-7227)/(-1206))?
7
Let b(v) = -v**2 + 18*v + 32. Let h be b(16). Suppose -75 = 3*a + 30. Let j = a + h. What is the units digit of j?
9
Let r(i) = i**3 - 6*i**2 + 16*i + 168. What is the units digit of r(19)?
5
Let l(n) = 32*n**2 + n + 2. Let g be l(-1). Suppose -g - 38 = -a. Let h = a + -6. What is the tens digit of h?
6
Suppose -2*q - 2 = -4*q - 2*a, -3*a + 5 = 5*q. Let h(n) = 177*n**3 - n**2 + 1. What is the units digit of h(q)?
7
Suppose 0 = 5*s - 30 + 10. Suppose q = 4*a - s - 0, 0 = -5*q - 4*a + 100. What is the units digit of q?
6
Let c = -68 + 58. What is the units digit of 20/(-6)*324/c?
8
Suppose 70 = -71*l + 66*l. Let h(o) = 3*o**2 + 27*o - 20. What is the tens digit of h(l)?
9
Suppose 6*c - 3*c + 24 = 0. Let f = 13 + c. Suppose x - f = 12. What is the units digit of x?
7
Suppose 19 = 2*j - 11. Suppose -j*v + 7*v = -1408. What is the hundreds digit of v?
1
Suppose 0 = -406*n + 400*n + 732. What is the tens digit of n?
2
Suppose 0 = c - 161 - 422. Suppose 9*h - 56 = c. What is the units digit of h?
1
Let p = 15 - 13. Suppose 2*z 